-4*s. What is the tens digit of r?
8
Let o be (-5 + 9)*(8/2 + -1). What is the tens digit of 0 + 249 - (-7)/((-28)/o)?
4
Let k be (2/6)/(2/18). Suppose 0 = -s + 3*v - 1, -s + k*v = s - 4. What is the units digit of s?
5
Suppose 74*n = 81*n - 4242. What is the tens digit of n?
0
Let a(j) = 17*j**2 + 22*j + 19. Let c(n) = 6*n**2 + 7*n + 6. Let v = 23 - 19. Let k(l) = v*a(l) - 11*c(l). What is the units digit of k(-7)?
1
Let w be 171/13 + -6 - (-2)/(-13). Suppose -408 = -w*l + l. What is the tens digit of l?
6
Let b = 38 - 36. What is the tens digit of (-1696)/(-56) - b/7?
3
Let i(w) = 7*w**2 + 16*w + 52. What is the hundreds digit of i(-4)?
1
Suppose u + 0 = 5. Suppose -3*j = -4*o + 482, u*j - 384 = -5*o + 236. What is the units digit of o?
2
Suppose l - 3*z = z + 12, 0 = l - 3*z - 13. Let y = l + -14. Suppose 50 = 4*b - 5*i, 0 = -5*i - y - 8. What is the units digit of b?
0
Let q = 2518 - 1292. What is the tens digit of q?
2
Let k = -2418 - -3511. What is the units digit of k?
3
Suppose -3*v + 4*v - 3 = 0. Suppose 0*n - 4*d + 28 = -v*n, -d - 31 = 4*n. What is the units digit of (-1875)/(-60) + (-6)/n?
2
What is the units digit of -685*((-4)/(-16) - 25/20)?
5
Suppose 337*j = 349*j - 44832. What is the units digit of j?
6
Suppose -4*t = 4*y - 2*t + 30, 5*y = 5*t - 15. Let q(x) = -6*x**2 + 33*x**3 - 1 + 9 - 3*x - 34*x**3. What is the units digit of q(y)?
6
Suppose 0 = -a + 3*y + 424, 3*a - 2*y - 2146 = -2*a. What is the tens digit of a?
3
Let w = 3142 + -1508. What is the thousands digit of w?
1
Let p be 12*(252/(-16))/(-9). Let l = p - -48. What is the units digit of l?
9
Let m be ((-72)/14)/(-6)*7. Suppose m = 3*i - 0*i. Suppose -3*g = 2*r - 7*g + 10, 7 = 5*r - i*g. What is the units digit of r?
3
What is the units digit of (155/(-2) - (19 - 17))*-6?
7
Let n(u) be the first derivative of 1/4*u**4 - u - 5*u**2 - 1 - 2*u**3. What is the units digit of n(8)?
7
Suppose 4*t + 57 + 16 = -5*z, t = -2. What is the units digit of 276*(8/(-28) - z/21)?
2
Let i be 1 - (-5)/((-25)/(-30)). Let b(c) = 4*c. What is the units digit of b(i)?
8
Let o(n) = n - 1. Let c(x) = -x + 14. Let f be c(11). Let m be o(f). Suppose 0 = -5*v + 5*y + 55, m*y = -0*y. What is the units digit of v?
1
Let m(l) = 98*l + 5. Let g(n) = 97*n + 6. Let k(u) = -6*g(u) + 7*m(u). What is the hundreds digit of k(2)?
2
Suppose -1837 = -9*y - 181. What is the tens digit of y?
8
Let l be -1 - ((-18)/(-6) - 251). What is the tens digit of (-3508)/(-13) - (-38)/l?
7
What is the hundreds digit of (2/6 + 0)/((-4)/(-1212))?
1
Let t(g) = 40*g**2 - 3*g - 4. Let r be t(3). Suppose -5*l + 3*a + r = 0, -4*a + 6 - 2 = 0. What is the tens digit of l?
7
Let o be -2*(-2)/(-8) - (-177)/6. Let q = 46 - o. What is the units digit of q?
7
Let t(v) = 2 + 5 - 4 + 7*v - 1. What is the tens digit of t(7)?
5
Let v = 11 + -8. Suppose -v*h - 8 = -7*h. Suppose 2*y + 3*a = 7*a + 58, -h*y - 3*a + 30 = 0. What is the tens digit of y?
2
What is the tens digit of 2188 + -5 + (-24)/(-2)?
9
Suppose 5*x - 53 = 4*i + 3, 12 = 2*x + i. Let d = x - -29. What is the tens digit of d?
3
Let t = -2 + 2. Suppose t = 5*v - 3*v - 16. What is the units digit of v?
8
What is the tens digit of (53/(265/(-13650)))/((-6)/4)?
2
Suppose -20 = t - 5*t. Suppose -93 - 122 = -t*y. What is the tens digit of y?
4
Suppose h - 20 = 26. Let a = h - 67. Let q = a - -33. What is the tens digit of q?
1
Suppose 7 = i + 3*u, 5*u - 10 = -2*i + 3*u. Suppose -2*f - 5*f = 7*f. Suppose -j - j + i*w + 18 = 0, w - 4 = f. What is the tens digit of j?
1
Suppose 3*z - o = 314, -2*z + 3*o + 110 = -z. Suppose 3*d = d + z. Suppose d + 64 = 4*m. What is the tens digit of m?
2
Let j = 50 + -35. Suppose -j = -5*t, -t + 41 + 10 = z. What is the units digit of z?
8
Suppose -2 = -t, 413 = 5*c - 5*t - 202. Suppose 0 = -3*h + c + 163. Suppose 0 = 7*d - 247 - h. What is the units digit of d?
9
Let x(d) = 3*d**2 - 22*d - 84. What is the hundreds digit of x(-9)?
3
What is the hundreds digit of 4/6*29/(145/12030)?
6
Let a = 237 + 1317. What is the units digit of a?
4
Suppose -3*s = -90 - 234. Let n = s + -80. What is the units digit of n?
8
What is the hundreds digit of -1337*5*4/(-70)?
3
Suppose -3198 = -8*m - 702. What is the tens digit of m?
1
Let g(o) = -o**3 - 2*o + 3. Let a be g(0). Suppose -n - 3*n - a*j + 716 = 0, -2*n = 4*j - 348. What is the units digit of n?
2
Let y(k) = -k**2 - 17*k - 12. Let n be y(-16). Let t(r) = 8*r**2 + 7*r - 3. What is the hundreds digit of t(n)?
1
Let h be -5 + 7 + -3 - 3. What is the tens digit of (-205)/(-3) - h/(-12)?
6
Let r(i) = 20*i + 1 + 3 - 21*i + i**2. What is the tens digit of r(3)?
1
Let r = -4 - -4. Suppose -4*b + 40 = -r*s + s, 4*s = 4*b + 240. Let p = s - 39. What is the tens digit of p?
1
What is the units digit of 53767/21 - 16/(-24)?
1
Let z(r) = 22*r**2 - 4*r + 47. What is the tens digit of z(6)?
1
Suppose -3*h = -229 - 353. Suppose 178 + h = 6*f. What is the tens digit of f?
6
Let f(q) = 48*q**3 + 2*q**2 - 2*q. What is the tens digit of f(2)?
8
Let p = -14 + 12. Let q be (-14)/p + 10/(-5). Suppose -q*s + 2*v = -205, 13 - 145 = -3*s + 3*v. What is the tens digit of s?
3
Let o(p) = p**3 + 3*p**2 - 10*p - 5. What is the tens digit of o(7)?
1
Suppose -s = 5*s + 30. Let n(p) = 2*p**2 + 5*p + 22. What is the units digit of n(s)?
7
What is the tens digit of (14968/36 - -4)*9/1?
7
Suppose -3*q + 4*q - c - 1009 = 0, -5*c + 4018 = 4*q. What is the units digit of q?
7
Suppose c - 4 - 5 = a, -4*a + 5*c - 41 = 0. Let h(i) = i**3 + 5*i**2 + 2*i - 2. Let x be h(a). Suppose -x = -3*t + 51. What is the units digit of t?
9
Suppose 5*s + 153 = 3*x, -3*x + s + 136 = -5. What is the tens digit of x?
4
What is the hundreds digit of -9*(-1)/9*879?
8
Suppose 3*o - 7*o = 0, t + 2*o = -30. What is the units digit of (-3)/(-2) - 2385/t?
1
Suppose 159 = 5*v + 2*i - 1631, -1409 = -4*v + 3*i. What is the hundreds digit of v?
3
Let n(j) = -1555*j**3 - 4*j**2 - 6*j. What is the tens digit of n(-1)?
5
Let h(v) be the first derivative of -v**4/4 - v**3/3 + 122*v + 10. Let z be h(0). Let t = -80 + z. What is the tens digit of t?
4
Let b be -12 - -16 - (1 + -13). What is the units digit of 4/b*382 + (-3)/(-2)?
7
Let v be 0/((-3)/(15/5)). Suppose v = i + 1 - 2. What is the units digit of (10/10)/(i/67)?
7
Let s = 3226 + -1696. What is the units digit of s?
0
Suppose 0 = 6*l - 4*l - 10. Suppose -l*p + 166 + 44 = 0. What is the units digit of p?
2
Suppose 8*q - 15*q + 5299 = 0. What is the tens digit of q?
5
Let o = 6 - -4. Suppose 2*h - 12 = f, -o - 10 = -3*h + f. Suppose s = h*s - 266. What is the units digit of s?
8
Let z be 21/(-4)*(-16)/6. Suppose z = 4*h - 2. Suppose -h*i - j = -52, -4*i - 2*j + 44 = j. What is the tens digit of i?
1
Let v = 25 - 27. Let f = 218 - v. What is the units digit of f?
0
Suppose -3*h + 4135 = 1492. What is the hundreds digit of h?
8
Let j(w) = 2*w + 18. Let d be j(7). Suppose d*p - 36*p + 128 = 0. What is the tens digit of p?
3
Suppose 12*k = 14*k - 8, 3*v = -2*k + 12128. What is the thousands digit of v?
4
Let p(w) = w**3 + 4*w**2 - 4*w + 6. Let q = -34 - -29. What is the units digit of p(q)?
1
Let p(h) = -6*h + 807. What is the hundreds digit of p(45)?
5
Let c be ((-1)/(-2))/(8/128). Let s = 8 - c. What is the tens digit of s/(-1 + 2) - -11?
1
Let c = -726 - -1529. What is the hundreds digit of c?
8
Let z(w) = w**2 + 27*w + 79. Let v be z(-24). What is the hundreds digit of (2 + -355)*(-7)/v?
3
Let u(m) = 2*m**2 + 3*m - 19. Let j be u(-10). Let x = -89 + j. What is the tens digit of x?
6
Let j = -5 + 7. Suppose 0 = -z - 3*k - 2, -5*z + 28 = -3*k - k. Suppose -4*o = x - 29, 2*x = z*o - j*o - 12. What is the units digit of o?
7
Suppose 1633 = 8*j - 975. What is the hundreds digit of j?
3
Let b(z) = 3*z**2 - 3*z - 2. Let j = -3 + -1. What is the tens digit of b(j)?
5
Let r = -55 + 59. Suppose -r*k - 3*n = -32, 2*k - 7 = k - n. What is the units digit of k?
1
Let s(f) = -3*f**2 - 2 - 3*f**3 - 5*f**3 + 9*f**3 + 0 + 4*f. Let u be s(2). Suppose -6*n = -u*n - 136. What is the tens digit of n?
3
Let v(c) = -9*c. Let p be v(4). Let t be (-28)/6*p/8. Let z = -14 + t. What is the units digit of z?
7
Let r(m) = -3*m**3 - 2*m**2 + m - 27. What is the tens digit of r(-5)?
9
Let q = -167 + 69. Let h = -12 - q. What is the units digit of h?
6
